{"id":196,"date":"2020-05-05T05:42:40","date_gmt":"2020-05-05T05:42:40","guid":{"rendered":"http:\/\/www.poldos.depireux.be\/wp\/?page_id=196"},"modified":"2023-01-16T07:42:29","modified_gmt":"2023-01-16T06:42:29","slug":"accueil","status":"publish","type":"page","link":"https:\/\/poldos.be\/","title":{"rendered":"Accueil"},"content":{"rendered":"\t\t<div data-elementor-type=\"wp-page\" data-elementor-id=\"196\" class=\"elementor elementor-196\">\n\t\t\t\t\t\t\t\t\t<section class=\"elementor-section elementor-top-section elementor-element elementor-element-a5b957c elementor-section-boxed elementor-section-height-default elementor-section-height-default\" data-id=\"a5b957c\" data-element_type=\"section\">\n\t\t\t\t\t\t<div class=\"elementor-container elementor-column-gap-default\">\n\t\t\t\t\t<div class=\"elementor-column elementor-col-100 elementor-top-column elementor-element elementor-element-81d0755\" data-id=\"81d0755\" data-element_type=\"column\">\n\t\t\t<div class=\"elementor-widget-wrap elementor-element-populated\">\n\t\t\t\t\t\t\t\t<div class=\"elementor-element elementor-element-af32b14 elementor-widget elementor-widget-text-editor\" data-id=\"af32b14\" data-element_type=\"widget\" data-widget_type=\"text-editor.default\">\n\t\t\t\t<div class=\"elementor-widget-container\">\n\t\t\t<style>\/*! elementor - v3.10.0 - 09-01-2023 *\/\n.elementor-widget-text-editor.elementor-drop-cap-view-stacked .elementor-drop-cap{background-color:#818a91;color:#fff}.elementor-widget-text-editor.elementor-drop-cap-view-framed .elementor-drop-cap{color:#818a91;border:3px solid;background-color:transparent}.elementor-widget-text-editor:not(.elementor-drop-cap-view-default) .elementor-drop-cap{margin-top:8px}.elementor-widget-text-editor:not(.elementor-drop-cap-view-default) .elementor-drop-cap-letter{width:1em;height:1em}.elementor-widget-text-editor .elementor-drop-cap{float:left;text-align:center;line-height:1;font-size:50px}.elementor-widget-text-editor .elementor-drop-cap-letter{display:inline-block}<\/style>\t\t\t\t<p>Faites-vous plaisir avec nos p\u00e2tes, nos pizzas, nos hamburgers, nos salades, nos grillades \u00e0 base de viande irlandaise, ou encore nos p\u00e2tes fra\u00eeches l<\/p>\t\t\t\t\t\t<\/div>\n\t\t\t\t<\/div>\n\t\t\t\t<div class=\"elementor-element elementor-element-5ab2a1f elementor-widget elementor-widget-spacer\" data-id=\"5ab2a1f\" data-element_type=\"widget\" data-widget_type=\"spacer.default\">\n\t\t\t\t<div class=\"elementor-widget-container\">\n\t\t\t<style>\/*! elementor - v3.10.0 - 09-01-2023 *\/\n.elementor-column .elementor-spacer-inner{height:var(--spacer-size)}.e-con{--container-widget-width:100%}.e-con-inner>.elementor-widget-spacer,.e-con>.elementor-widget-spacer{width:var(--container-widget-width,var(--spacer-size));--align-self:var(--container-widget-align-self,initial);--flex-shrink:0}.e-con-inner>.elementor-widget-spacer>.elementor-widget-container,.e-con-inner>.elementor-widget-spacer>.elementor-widget-container>.elementor-spacer,.e-con>.elementor-widget-spacer>.elementor-widget-container,.e-con>.elementor-widget-spacer>.elementor-widget-container>.elementor-spacer{height:100%}.e-con-inner>.elementor-widget-spacer>.elementor-widget-container>.elementor-spacer>.elementor-spacer-inner,.e-con>.elementor-widget-spacer>.elementor-widget-container>.elementor-spacer>.elementor-spacer-inner{height:var(--container-widget-height,var(--spacer-size))}<\/style>\t\t<div class=\"elementor-spacer\">\n\t\t\t<div class=\"elementor-spacer-inner\"><\/div>\n\t\t<\/div>\n\t\t\t\t<\/div>\n\t\t\t\t<\/div>\n\t\t\t\t<div class=\"elementor-element elementor-element-23118cd elementor-widget elementor-widget-heading\" data-id=\"23118cd\" data-element_type=\"widget\" data-widget_type=\"heading.default\">\n\t\t\t\t<div class=\"elementor-widget-container\">\n\t\t\t<style>\/*! elementor - v3.10.0 - 09-01-2023 *\/\n.elementor-heading-title{padding:0;margin:0;line-height:1}.elementor-widget-heading .elementor-heading-title[class*=elementor-size-]>a{color:inherit;font-size:inherit;line-height:inherit}.elementor-widget-heading .elementor-heading-title.elementor-size-small{font-size:15px}.elementor-widget-heading .elementor-heading-title.elementor-size-medium{font-size:19px}.elementor-widget-heading .elementor-heading-title.elementor-size-large{font-size:29px}.elementor-widget-heading .elementor-heading-title.elementor-size-xl{font-size:39px}.elementor-widget-heading .elementor-heading-title.elementor-size-xxl{font-size:59px}<\/style><h2 class=\"elementor-heading-title elementor-size-default\">PLACE SAINT JEAN 2, 5030 GEMBLOUX - TEL \/081 61 00 71<\/h2>\t\t<\/div>\n\t\t\t\t<\/div>\n\t\t\t\t<section class=\"elementor-section elementor-inner-section elementor-element elementor-element-30c9ac2 elementor-section-boxed elementor-section-height-default elementor-section-height-default\" data-id=\"30c9ac2\" data-element_type=\"section\">\n\t\t\t\t\t\t<div class=\"elementor-container elementor-column-gap-wider\">\n\t\t\t\t\t<div class=\"elementor-column elementor-col-50 elementor-inner-column elementor-element elementor-element-607955a\" data-id=\"607955a\" data-element_type=\"column\">\n\t\t\t<div class=\"elementor-widget-wrap elementor-element-populated\">\n\t\t\t\t\t\t\t\t<div class=\"elementor-element elementor-element-2e41254 elementor-widget elementor-widget-heading\" data-id=\"2e41254\" data-element_type=\"widget\" data-widget_type=\"heading.default\">\n\t\t\t\t<div class=\"elementor-widget-container\">\n\t\t\t<h2 class=\"elementor-heading-title elementor-size-default\"><a href=\"https:\/\/poldos.be\/?page_id=1593\">JE VAIS CHEZ POLDOS<\/a><\/h2>\t\t<\/div>\n\t\t\t\t<\/div>\n\t\t\t\t<div class=\"elementor-element elementor-element-bebf205 elementor-widget elementor-widget-image\" data-id=\"bebf205\" data-element_type=\"widget\" data-widget_type=\"image.default\">\n\t\t\t\t<div class=\"elementor-widget-container\">\n\t\t\t<style>\/*! elementor - v3.10.0 - 09-01-2023 *\/\n.elementor-widget-image{text-align:center}.elementor-widget-image a{display:inline-block}.elementor-widget-image a img[src$=\".svg\"]{width:48px}.elementor-widget-image img{vertical-align:middle;display:inline-block}<\/style>\t\t\t\t\t\t\t\t\t\t\t\t\t<a href=\"https:\/\/poldos.be\/?page_id=1593\">\n\t\t\t\t\t\t\t<img loading=\"lazy\" decoding=\"async\" width=\"768\" height=\"576\" src=\"https:\/\/poldos.be\/wp-content\/uploads\/2023\/01\/311026588_535464505251703_5785390038639144857_n-768x576.jpg\" class=\"attachment-medium_large size-medium_large wp-image-1616\" alt=\"\" srcset=\"https:\/\/poldos.be\/wp-content\/uploads\/2023\/01\/311026588_535464505251703_5785390038639144857_n-768x576.jpg 768w, https:\/\/poldos.be\/wp-content\/uploads\/2023\/01\/311026588_535464505251703_5785390038639144857_n-300x225.jpg 300w, https:\/\/poldos.be\/wp-content\/uploads\/2023\/01\/311026588_535464505251703_5785390038639144857_n-1024x768.jpg 1024w, https:\/\/poldos.be\/wp-content\/uploads\/2023\/01\/311026588_535464505251703_5785390038639144857_n-1536x1152.jpg 1536w, https:\/\/poldos.be\/wp-content\/uploads\/2023\/01\/311026588_535464505251703_5785390038639144857_n.jpg 2048w\" sizes=\"auto, (max-width: 768px) 100vw, 768px\" \/>\t\t\t\t\t\t\t\t<\/a>\n\t\t\t\t\t\t\t\t\t\t\t\t\t\t\t<\/div>\n\t\t\t\t<\/div>\n\t\t\t\t\t<\/div>\n\t\t<\/div>\n\t\t\t\t<div class=\"elementor-column elementor-col-50 elementor-inner-column elementor-element elementor-element-ef63417\" data-id=\"ef63417\" data-element_type=\"column\">\n\t\t\t<div class=\"elementor-widget-wrap elementor-element-populated\">\n\t\t\t\t\t\t\t\t<div class=\"elementor-element elementor-element-780a6f7 elementor-widget elementor-widget-heading\" data-id=\"780a6f7\" data-element_type=\"widget\" data-widget_type=\"heading.default\">\n\t\t\t\t<div class=\"elementor-widget-container\">\n\t\t\t<h2 class=\"elementor-heading-title elementor-size-default\"><a href=\"https:\/\/www.foodbooking.com\/api\/fb\/r4ykd\">POLDOS CHEZ MOI<\/a><\/h2>\t\t<\/div>\n\t\t\t\t<\/div>\n\t\t\t\t<div class=\"elementor-element elementor-element-e9b7011 elementor-widget elementor-widget-image\" data-id=\"e9b7011\" data-element_type=\"widget\" data-widget_type=\"image.default\">\n\t\t\t\t<div class=\"elementor-widget-container\">\n\t\t\t\t\t\t\t\t\t\t\t\t\t\t\t\t<a href=\"https:\/\/www.foodbooking.com\/api\/fb\/r4ykd\">\n\t\t\t\t\t\t\t<img loading=\"lazy\" decoding=\"async\" width=\"400\" height=\"320\" src=\"https:\/\/poldos.be\/wp-content\/uploads\/2023\/01\/107599453_1569127836607276_7187442543261187315_n.jpg\" class=\"attachment-medium_large size-medium_large wp-image-1613\" alt=\"\" srcset=\"https:\/\/poldos.be\/wp-content\/uploads\/2023\/01\/107599453_1569127836607276_7187442543261187315_n.jpg 400w, https:\/\/poldos.be\/wp-content\/uploads\/2023\/01\/107599453_1569127836607276_7187442543261187315_n-300x240.jpg 300w\" sizes=\"auto, (max-width: 400px) 100vw, 400px\" \/>\t\t\t\t\t\t\t\t<\/a>\n\t\t\t\t\t\t\t\t\t\t\t\t\t\t\t<\/div>\n\t\t\t\t<\/div>\n\t\t\t\t\t<\/div>\n\t\t<\/div>\n\t\t\t\t\t\t\t<\/div>\n\t\t<\/section>\n\t\t\t\t\t<\/div>\n\t\t<\/div>\n\t\t\t\t\t\t\t<\/div>\n\t\t<\/section>\n\t\t\t\t<section class=\"elementor-section elementor-top-section elementor-element elementor-element-b11f2a4 elementor-section-boxed elementor-section-height-default elementor-section-height-default\" data-id=\"b11f2a4\" data-element_type=\"section\">\n\t\t\t\t\t\t<div class=\"elementor-container elementor-column-gap-default\">\n\t\t\t\t\t<div class=\"elementor-column elementor-col-100 elementor-top-column elementor-element elementor-element-5efe674\" data-id=\"5efe674\" data-element_type=\"column\">\n\t\t\t<div class=\"elementor-widget-wrap elementor-element-populated\">\n\t\t\t\t\t\t\t\t<div class=\"elementor-element elementor-element-78d91f6 elementor-widget elementor-widget-heading\" data-id=\"78d91f6\" data-element_type=\"widget\" data-widget_type=\"heading.default\">\n\t\t\t\t<div class=\"elementor-widget-container\">\n\t\t\t<h2 class=\"elementor-heading-title elementor-size-default\">Heures d'ouverture<\/h2>\t\t<\/div>\n\t\t\t\t<\/div>\n\t\t\t\t<section class=\"elementor-section elementor-inner-section elementor-element elementor-element-1fe073a elementor-section-boxed elementor-section-height-default elementor-section-height-default\" data-id=\"1fe073a\" data-element_type=\"section\">\n\t\t\t\t\t\t<div class=\"elementor-container elementor-column-gap-default\">\n\t\t\t\t\t<div class=\"elementor-column elementor-col-33 elementor-inner-column elementor-element elementor-element-9f359a2\" data-id=\"9f359a2\" data-element_type=\"column\">\n\t\t\t<div class=\"elementor-widget-wrap elementor-element-populated\">\n\t\t\t\t\t\t\t\t<div class=\"elementor-element elementor-element-df5056e elementor-widget elementor-widget-text-editor\" data-id=\"df5056e\" data-element_type=\"widget\" data-widget_type=\"text-editor.default\">\n\t\t\t\t<div class=\"elementor-widget-container\">\n\t\t\t\t\t\t\t<p>Du Lundi au jeudi<\/p>\t\t\t\t\t\t<\/div>\n\t\t\t\t<\/div>\n\t\t\t\t\t<\/div>\n\t\t<\/div>\n\t\t\t\t<div class=\"elementor-column elementor-col-33 elementor-inner-column elementor-element elementor-element-2367810\" data-id=\"2367810\" data-element_type=\"column\">\n\t\t\t<div class=\"elementor-widget-wrap elementor-element-populated\">\n\t\t\t\t\t\t\t\t<div class=\"elementor-element elementor-element-7630b50 elementor-widget elementor-widget-text-editor\" data-id=\"7630b50\" data-element_type=\"widget\" data-widget_type=\"text-editor.default\">\n\t\t\t\t<div class=\"elementor-widget-container\">\n\t\t\t\t\t\t\t<p>11h00 &#8211; 14h00<\/p>\t\t\t\t\t\t<\/div>\n\t\t\t\t<\/div>\n\t\t\t\t\t<\/div>\n\t\t<\/div>\n\t\t\t\t<div class=\"elementor-column elementor-col-33 elementor-inner-column elementor-element elementor-element-26db909\" data-id=\"26db909\" data-element_type=\"column\">\n\t\t\t<div class=\"elementor-widget-wrap elementor-element-populated\">\n\t\t\t\t\t\t\t\t<div class=\"elementor-element elementor-element-38a6b2d elementor-widget elementor-widget-text-editor\" data-id=\"38a6b2d\" data-element_type=\"widget\" data-widget_type=\"text-editor.default\">\n\t\t\t\t<div class=\"elementor-widget-container\">\n\t\t\t\t\t\t\t<p>17h00 &#8211; 22h00<\/p>\t\t\t\t\t\t<\/div>\n\t\t\t\t<\/div>\n\t\t\t\t\t<\/div>\n\t\t<\/div>\n\t\t\t\t\t\t\t<\/div>\n\t\t<\/section>\n\t\t\t\t<section class=\"elementor-section elementor-inner-section elementor-element elementor-element-0e56eee elementor-section-boxed elementor-section-height-default elementor-section-height-default\" data-id=\"0e56eee\" data-element_type=\"section\">\n\t\t\t\t\t\t<div class=\"elementor-container elementor-column-gap-default\">\n\t\t\t\t\t<div class=\"elementor-column elementor-col-33 elementor-inner-column elementor-element elementor-element-cb0e94f\" data-id=\"cb0e94f\" data-element_type=\"column\">\n\t\t\t<div class=\"elementor-widget-wrap elementor-element-populated\">\n\t\t\t\t\t\t\t\t<div class=\"elementor-element elementor-element-87edc6e elementor-widget elementor-widget-text-editor\" data-id=\"87edc6e\" data-element_type=\"widget\" data-widget_type=\"text-editor.default\">\n\t\t\t\t<div class=\"elementor-widget-container\">\n\t\t\t\t\t\t\t<p>Vendredi et samedi<\/p>\t\t\t\t\t\t<\/div>\n\t\t\t\t<\/div>\n\t\t\t\t\t<\/div>\n\t\t<\/div>\n\t\t\t\t<div class=\"elementor-column elementor-col-33 elementor-inner-column elementor-element elementor-element-7dcbe26\" data-id=\"7dcbe26\" data-element_type=\"column\">\n\t\t\t<div class=\"elementor-widget-wrap elementor-element-populated\">\n\t\t\t\t\t\t\t\t<div class=\"elementor-element elementor-element-f958a89 elementor-widget elementor-widget-text-editor\" data-id=\"f958a89\" data-element_type=\"widget\" data-widget_type=\"text-editor.default\">\n\t\t\t\t<div class=\"elementor-widget-container\">\n\t\t\t\t\t\t\t<p>11h00 &#8211; 14h00<\/p>\t\t\t\t\t\t<\/div>\n\t\t\t\t<\/div>\n\t\t\t\t\t<\/div>\n\t\t<\/div>\n\t\t\t\t<div class=\"elementor-column elementor-col-33 elementor-inner-column elementor-element elementor-element-ef6d599\" data-id=\"ef6d599\" data-element_type=\"column\">\n\t\t\t<div class=\"elementor-widget-wrap elementor-element-populated\">\n\t\t\t\t\t\t\t\t<div class=\"elementor-element elementor-element-aaa1646 elementor-widget elementor-widget-text-editor\" data-id=\"aaa1646\" data-element_type=\"widget\" data-widget_type=\"text-editor.default\">\n\t\t\t\t<div class=\"elementor-widget-container\">\n\t\t\t\t\t\t\t<p>17h00 &#8211; 22h45<\/p>\t\t\t\t\t\t<\/div>\n\t\t\t\t<\/div>\n\t\t\t\t\t<\/div>\n\t\t<\/div>\n\t\t\t\t\t\t\t<\/div>\n\t\t<\/section>\n\t\t\t\t<section class=\"elementor-section elementor-inner-section elementor-element elementor-element-8557b59 elementor-section-boxed elementor-section-height-default elementor-section-height-default\" data-id=\"8557b59\" data-element_type=\"section\">\n\t\t\t\t\t\t<div class=\"elementor-container elementor-column-gap-default\">\n\t\t\t\t\t<div class=\"elementor-column elementor-col-33 elementor-inner-column elementor-element elementor-element-85e243c\" data-id=\"85e243c\" data-element_type=\"column\">\n\t\t\t<div class=\"elementor-widget-wrap elementor-element-populated\">\n\t\t\t\t\t\t\t\t<div class=\"elementor-element elementor-element-adc2c75 elementor-widget elementor-widget-text-editor\" data-id=\"adc2c75\" data-element_type=\"widget\" data-widget_type=\"text-editor.default\">\n\t\t\t\t<div class=\"elementor-widget-container\">\n\t\t\t\t\t\t\t<p>Dimanche<\/p>\t\t\t\t\t\t<\/div>\n\t\t\t\t<\/div>\n\t\t\t\t\t<\/div>\n\t\t<\/div>\n\t\t\t\t<div class=\"elementor-column elementor-col-33 elementor-inner-column elementor-element elementor-element-bc3da32\" data-id=\"bc3da32\" data-element_type=\"column\">\n\t\t\t<div class=\"elementor-widget-wrap elementor-element-populated\">\n\t\t\t\t\t\t\t\t<div class=\"elementor-element elementor-element-42e2b2a elementor-widget elementor-widget-text-editor\" data-id=\"42e2b2a\" data-element_type=\"widget\" data-widget_type=\"text-editor.default\">\n\t\t\t\t<div class=\"elementor-widget-container\">\n\t\t\t\t\t\t\t<p>11h00 &#8211; 14h00<\/p>\t\t\t\t\t\t<\/div>\n\t\t\t\t<\/div>\n\t\t\t\t\t<\/div>\n\t\t<\/div>\n\t\t\t\t<div class=\"elementor-column elementor-col-33 elementor-inner-column elementor-element elementor-element-4d2be96\" data-id=\"4d2be96\" data-element_type=\"column\">\n\t\t\t<div class=\"elementor-widget-wrap elementor-element-populated\">\n\t\t\t\t\t\t\t\t<div class=\"elementor-element elementor-element-8d3e750 elementor-widget elementor-widget-text-editor\" data-id=\"8d3e750\" data-element_type=\"widget\" data-widget_type=\"text-editor.default\">\n\t\t\t\t<div class=\"elementor-widget-container\">\n\t\t\t\t\t\t\t<p>17h00 &#8211; 22h00<\/p>\t\t\t\t\t\t<\/div>\n\t\t\t\t<\/div>\n\t\t\t\t\t<\/div>\n\t\t<\/div>\n\t\t\t\t\t\t\t<\/div>\n\t\t<\/section>\n\t\t\t\t\t<\/div>\n\t\t<\/div>\n\t\t\t\t\t\t\t<\/div>\n\t\t<\/section>\n\t\t\t\t\t\t\t<\/div>\n\t\t","protected":false},"excerpt":{"rendered":"<p>Faites-vous plaisir avec nos p\u00e2tes, nos pizzas, nos hamburgers, nos salades, nos grillades \u00e0 base de viande irlandaise, ou encore nos p\u00e2tes fra\u00eeches l PLACE SAINT JEAN 2, 5030 GEMBLOUX &#8211; TEL \/081 61 00 71 JE VAIS CHEZ POLDOS POLDOS CHEZ MOI Heures d&rsquo;ouverture Du Lundi au jeudi 11h00 &#8211; 14h00 17h00 &#8211; 22h00 &hellip;<\/p>\n","protected":false},"author":1,"featured_media":0,"parent":0,"menu_order":0,"comment_status":"closed","ping_status":"closed","template":"","meta":{"footnotes":""},"class_list":["post-196","page","type-page","status-publish","hentry"],"yoast_head":"<!-- This site is optimized with the Yoast SEO plugin v19.14 - https:\/\/yoast.com\/wordpress\/plugins\/seo\/ -->\n<title>Accueil - PIZZERIA GRILL SALADE PATE<\/title>\n<meta name=\"description\" content=\"Un site utilisant WordPressD\u00e9guster , nos pizzas, nos hamburgers, nos salades, nos grillades de viande irlandaise, ou nos p\u00e2tes fra\u00eeches l\" \/>\n<meta name=\"robots\" content=\"index, follow, max-snippet:-1, max-image-preview:large, max-video-preview:-1\" \/>\n<link rel=\"canonical\" href=\"https:\/\/poldos.be\/\" \/>\n<meta property=\"og:locale\" content=\"fr_FR\" \/>\n<meta property=\"og:type\" content=\"article\" \/>\n<meta property=\"og:title\" content=\"Accueil - PIZZERIA GRILL SALADE PATE\" \/>\n<meta property=\"og:description\" content=\"Un site utilisant WordPressD\u00e9guster , nos pizzas, nos hamburgers, nos salades, nos grillades de viande irlandaise, ou nos p\u00e2tes fra\u00eeches l\" \/>\n<meta property=\"og:url\" content=\"https:\/\/poldos.be\/\" \/>\n<meta property=\"article:publisher\" content=\"https:\/\/www.facebook.com\/restopoldos\" \/>\n<meta property=\"article:modified_time\" content=\"2023-01-16T06:42:29+00:00\" \/>\n<meta property=\"og:image\" content=\"https:\/\/poldos.be\/wp-content\/uploads\/2023\/01\/311026588_535464505251703_5785390038639144857_n-768x576.jpg\" \/>\n<meta name=\"twitter:card\" content=\"summary_large_image\" \/>\n<meta name=\"twitter:label1\" content=\"Dur\u00e9e de lecture estim\u00e9e\" \/>\n\t<meta name=\"twitter:data1\" content=\"1 minute\" \/>\n<script type=\"application\/ld+json\" class=\"yoast-schema-graph\">{\"@context\":\"https:\/\/schema.org\",\"@graph\":[{\"@type\":\"WebPage\",\"@id\":\"https:\/\/poldos.be\/\",\"url\":\"https:\/\/poldos.be\/\",\"name\":\"Accueil - PIZZERIA GRILL SALADE PATE\",\"isPartOf\":{\"@id\":\"https:\/\/poldos.be\/#website\"},\"datePublished\":\"2020-05-05T05:42:40+00:00\",\"dateModified\":\"2023-01-16T06:42:29+00:00\",\"description\":\"Un site utilisant WordPressD\u00e9guster , nos pizzas, nos hamburgers, nos salades, nos grillades de viande irlandaise, ou nos p\u00e2tes fra\u00eeches l\",\"breadcrumb\":{\"@id\":\"https:\/\/poldos.be\/#breadcrumb\"},\"inLanguage\":\"fr-FR\",\"potentialAction\":[{\"@type\":\"ReadAction\",\"target\":[\"https:\/\/poldos.be\/\"]}]},{\"@type\":\"BreadcrumbList\",\"@id\":\"https:\/\/poldos.be\/#breadcrumb\",\"itemListElement\":[{\"@type\":\"ListItem\",\"position\":1,\"name\":\"Accueil\",\"item\":\"https:\/\/poldos.be\/\"},{\"@type\":\"ListItem\",\"position\":2,\"name\":\"Accueil\"}]},{\"@type\":\"WebSite\",\"@id\":\"https:\/\/poldos.be\/#website\",\"url\":\"https:\/\/poldos.be\/\",\"name\":\"poldos\",\"description\":\"Un site utilisant WordPress\",\"publisher\":{\"@id\":\"https:\/\/poldos.be\/#organization\"},\"potentialAction\":[{\"@type\":\"SearchAction\",\"target\":{\"@type\":\"EntryPoint\",\"urlTemplate\":\"https:\/\/poldos.be\/?s={search_term_string}\"},\"query-input\":\"required name=search_term_string\"}],\"inLanguage\":\"fr-FR\"},{\"@type\":\"Organization\",\"@id\":\"https:\/\/poldos.be\/#organization\",\"name\":\"poldos\",\"url\":\"https:\/\/poldos.be\/\",\"logo\":{\"@type\":\"ImageObject\",\"inLanguage\":\"fr-FR\",\"@id\":\"https:\/\/poldos.be\/#\/schema\/logo\/image\/\",\"url\":\"https:\/\/poldos.be\/wp-content\/uploads\/2023\/01\/cropped-P3NB-1.jpg\",\"contentUrl\":\"https:\/\/poldos.be\/wp-content\/uploads\/2023\/01\/cropped-P3NB-1.jpg\",\"width\":512,\"height\":512,\"caption\":\"poldos\"},\"image\":{\"@id\":\"https:\/\/poldos.be\/#\/schema\/logo\/image\/\"},\"sameAs\":[\"https:\/\/www.facebook.com\/restopoldos\"]}]}<\/script>\n<!-- \/ Yoast SEO plugin. -->","yoast_head_json":{"title":"Accueil - PIZZERIA GRILL SALADE PATE","description":"Un site utilisant WordPressD\u00e9guster , nos pizzas, nos hamburgers, nos salades, nos grillades de viande irlandaise, ou nos p\u00e2tes fra\u00eeches l","robots":{"index":"index","follow":"follow","max-snippet":"max-snippet:-1","max-image-preview":"max-image-preview:large","max-video-preview":"max-video-preview:-1"},"canonical":"https:\/\/poldos.be\/","og_locale":"fr_FR","og_type":"article","og_title":"Accueil - PIZZERIA GRILL SALADE PATE","og_description":"Un site utilisant WordPressD\u00e9guster , nos pizzas, nos hamburgers, nos salades, nos grillades de viande irlandaise, ou nos p\u00e2tes fra\u00eeches l","og_url":"https:\/\/poldos.be\/","article_publisher":"https:\/\/www.facebook.com\/restopoldos","article_modified_time":"2023-01-16T06:42:29+00:00","og_image":[{"url":"https:\/\/poldos.be\/wp-content\/uploads\/2023\/01\/311026588_535464505251703_5785390038639144857_n-768x576.jpg"}],"twitter_card":"summary_large_image","twitter_misc":{"Dur\u00e9e de lecture estim\u00e9e":"1 minute"},"schema":{"@context":"https:\/\/schema.org","@graph":[{"@type":"WebPage","@id":"https:\/\/poldos.be\/","url":"https:\/\/poldos.be\/","name":"Accueil - PIZZERIA GRILL SALADE PATE","isPartOf":{"@id":"https:\/\/poldos.be\/#website"},"datePublished":"2020-05-05T05:42:40+00:00","dateModified":"2023-01-16T06:42:29+00:00","description":"Un site utilisant WordPressD\u00e9guster , nos pizzas, nos hamburgers, nos salades, nos grillades de viande irlandaise, ou nos p\u00e2tes fra\u00eeches l","breadcrumb":{"@id":"https:\/\/poldos.be\/#breadcrumb"},"inLanguage":"fr-FR","potentialAction":[{"@type":"ReadAction","target":["https:\/\/poldos.be\/"]}]},{"@type":"BreadcrumbList","@id":"https:\/\/poldos.be\/#breadcrumb","itemListElement":[{"@type":"ListItem","position":1,"name":"Accueil","item":"https:\/\/poldos.be\/"},{"@type":"ListItem","position":2,"name":"Accueil"}]},{"@type":"WebSite","@id":"https:\/\/poldos.be\/#website","url":"https:\/\/poldos.be\/","name":"poldos","description":"Un site utilisant WordPress","publisher":{"@id":"https:\/\/poldos.be\/#organization"},"potentialAction":[{"@type":"SearchAction","target":{"@type":"EntryPoint","urlTemplate":"https:\/\/poldos.be\/?s={search_term_string}"},"query-input":"required name=search_term_string"}],"inLanguage":"fr-FR"},{"@type":"Organization","@id":"https:\/\/poldos.be\/#organization","name":"poldos","url":"https:\/\/poldos.be\/","logo":{"@type":"ImageObject","inLanguage":"fr-FR","@id":"https:\/\/poldos.be\/#\/schema\/logo\/image\/","url":"https:\/\/poldos.be\/wp-content\/uploads\/2023\/01\/cropped-P3NB-1.jpg","contentUrl":"https:\/\/poldos.be\/wp-content\/uploads\/2023\/01\/cropped-P3NB-1.jpg","width":512,"height":512,"caption":"poldos"},"image":{"@id":"https:\/\/poldos.be\/#\/schema\/logo\/image\/"},"sameAs":["https:\/\/www.facebook.com\/restopoldos"]}]}},"_links":{"self":[{"href":"https:\/\/poldos.be\/index.php?rest_route=\/wp\/v2\/pages\/196","targetHints":{"allow":["GET"]}}],"collection":[{"href":"https:\/\/poldos.be\/index.php?rest_route=\/wp\/v2\/pages"}],"about":[{"href":"https:\/\/poldos.be\/index.php?rest_route=\/wp\/v2\/types\/page"}],"author":[{"embeddable":true,"href":"https:\/\/poldos.be\/index.php?rest_route=\/wp\/v2\/users\/1"}],"replies":[{"embeddable":true,"href":"https:\/\/poldos.be\/index.php?rest_route=%2Fwp%2Fv2%2Fcomments&post=196"}],"version-history":[{"count":39,"href":"https:\/\/poldos.be\/index.php?rest_route=\/wp\/v2\/pages\/196\/revisions"}],"predecessor-version":[{"id":1689,"href":"https:\/\/poldos.be\/index.php?rest_route=\/wp\/v2\/pages\/196\/revisions\/1689"}],"wp:attachment":[{"href":"https:\/\/poldos.be\/index.php?rest_route=%2Fwp%2Fv2%2Fmedia&parent=196"}],"curies":[{"name":"wp","href":"https:\/\/api.w.org\/{rel}","templated":true}]}}